or of j and 45.
15
Let k be ((-18)/4)/(7/14). Let s be (k + 14)*(-4)/(-10). Suppose -s*r = -3*r + 99. Calculate the highest common divisor of 9 and r.
9
Let h(n) = -11*n - 1. Let g be h(-2). Let b be (-11 + 3949/44)*8/3. Calculate the highest common divisor of b and g.
21
Let n = -80 + 53. Let o = 30 + n. Suppose 0 = -0*y - y - 2*f + 14, -4*f = -o*y + 22. Calculate the greatest common factor of 15 and y.
5
Let r(a) = 2*a**2 - 27*a + 6. Let t be r(14). What is the greatest common factor of t and 580?
20
Suppose 3*s - 7*s = -176. Let a(x) = 7*x**2 + x - 6. Let w be a(4). What is the highest common factor of s and w?
22
Let p be (-6 - 3608/(-24))*18. Calculate the greatest common divisor of 6 and p.
6
Let p be 39/(-6)*1*-2. Let k(w) = -w**2 + 13*w + 5. Let y be k(p). Calculate the highest common factor of 35 and y.
5
Suppose 50 = 3*y - 52. Suppose -5*p = 9 - y. What is the highest common factor of 45 and p?
5
Let x = 34 + -32. What is the greatest common divisor of 58 and x?
2
Suppose 70 - 840 = -55*u. Calculate the highest common factor of 266 and u.
14
Let l = -277 - -294. Let v(y) = 32*y**2 + y - 3. Let t be v(-3). Suppose t + 262 = 4*k. Calculate the greatest common factor of k and l.
17
Let y be 1*-2*(-7)/2. Let x be (-681)/6*(4 - (5 + -3)). Let w = -150 - x. What is the highest common divisor of y and w?
7
Let q = 10 - -38. Suppose -l + 2*x + 0*x + 8 = 0, -2*l + q = 4*x. Calculate the highest common factor of l and 32.
16
Let k = -225 - -360. Let a = 14 + -25. Let j(p) = -p**2 - 12*p + 4. Let t be j(a). Calculate the greatest common divisor of k and t.
15
Let f be (12/8 + 0)*6. Suppose -f - 3 = -6*a. Suppose -3*r + 50 = -2*b, b + 35 = 2*r + 1. What is the highest common factor of r and a?
2
Suppose 0 = 2*o + 911 - 3495. Calculate the highest common factor of 228 and o.
76
Let i = -21 - -316. What is the greatest common factor of i and 236?
59
Suppose 1301 + 319 = 6*o. What is the highest common factor of o and 108?
54
Let d(v) = 9*v + 3. Let n be d(4). Suppose 121 = -c + 2*j, -2*c + 5*j - 283 = -n. Let i = c + 167. What is the highest common factor of 20 and i?
10
Let b(q) = -q**3 + 11*q**2 + 6*q - 4. Let y be b(9). Calculate the greatest common divisor of y and 53.
53
Suppose 18 = -l + 3*l. Let a = 20 - l. Suppose -3*u + 5*u = -10, 3*b - 107 = -5*u. What is the highest common divisor of a and b?
11
Suppose 5*n + 6 = 2*n. Let y be n/(-6) - 2/6. Suppose 5*b - 81 + 1 = y. Calculate the greatest common divisor of 80 and b.
16
Suppose 4*l - 878 = -2*r, 376 + 727 = 5*l - 3*r. Calculate the greatest common divisor of 20 and l.
20
Let b be (-6 + 7)/((-2)/(-34)). Let x = 30 - b. Suppose 3*y + 2*y + 5*h = 535, -4*h + 12 = 0. What is the highest common factor of x and y?
13
Suppose -43*t + 49*t = 84. What is the greatest common divisor of 392 and t?
14
Suppose 740 = 15*i - 13480. What is the greatest common divisor of i and 36?
12
Suppose 501 = -3*v + 870. Calculate the greatest common divisor of 3 and v.
3
Suppose -6*t = -t. Suppose t*a + a + k = 4, -a + 10 = 3*k. What is the highest common factor of 1 and a?
1
Suppose -3*t - 595 - 270 = -5*s, -724 = -4*s - 4*t. Let o = -418 - -440. Calculate the highest common divisor of s and o.
22
Suppose -5*u = -178 - 62. Let b be (28/12 - 1)*u. Let o(h) = h**3 + 6*h**2 + 8. Let c be o(-6). Calculate the greatest common divisor of c and b.
8
Let y(p) = -83*p - 568. Let i be y(-7). Suppose -2*j - 2*j + 104 = 0. Calculate the greatest common factor of j and i.
13
Let g be 2*((-282)/(-12) - -2). Calculate the highest common factor of 51 and g.
51
Let r be ((-75)/(-5))/(2 + -1). Let f be (3/5)/(3/r). Suppose -212 = -2*q - 4*b, -2*b - 2 = -f*b. What is the greatest common divisor of q and 34?
34
Let o(k) = 29*k + 23. Let d be o(5). Calculate the highest common divisor of 216 and d.
24
Let j be (-3)/2*(-2)/3. Suppose 14*b + 938 = 1064. Calculate the greatest common divisor of j and b.
1
Let p(a) = 21*a - 359. Let t be p(18). What is the greatest common factor of 323 and t?
19
Let j be 6/(6/26 - 0). Suppose -j = -m + 8. Calculate the greatest common factor of m and 17.
17
Let h(j) = j**2 - j + 18. Let n(t) = -t**3 + 7*t**2 + 7*t + 8. Let f be n(8). Let x be h(f). Calculate the highest common divisor of 12 and x.
6
Suppose -2*v - 6 = 0, -3*t - 729 = -2*v + 5*v. Let z be -3 + (-7)/((-28)/t). Let k be ((-2)/3)/(6/z). What is the greatest common divisor of 7 and k?
7
Suppose 2*a + 8 = 4*a - 4*z, 0 = 5*a + z + 2. Suppose -2*j = -a*j + 2. Let o be (1 - j - 4) + 95. Calculate the greatest common divisor of 62 and o.
31
Let w(i) = -52*i**3 + 5*i**2 - 1 - 8*i + 4*i**2 + 51*i**3. Let g be w(8). Let c be 539/14*(g + 3). Calculate the greatest common divisor of c and 11.
11
Let g be -1*177/(-3) - -1. Let o = g - -30. Let m(u) = 10*u - 200. Let i be m(21). Calculate the highest common factor of i and o.
10
Suppose -17*z = -22*z + 1710. What is the highest common factor of z and 38?
38
Suppose 5*j - y - 7 = 9, -5*j = 3*y - 32. Suppose m = -5*x + 48, 0 = m + j*m - 15. Calculate the greatest common factor of 21 and x.
3
Suppose -446 = -o - 314. Calculate the highest common factor of o and 48.
12
Suppose -f + 4 = 5*a + 5, -5*f - 5*a = -15. Let z(k) = 12*k - 38. Let t be z(f). Calculate the greatest common factor of t and 2.
2
Let j(k) = k**2 - 2*k + 2. Let o be j(0). Suppose 2*h + 0*g = g + 125, 4*g - 140 = -o*h. Calculate the highest common divisor of 16 and h.
16
Suppose -u + 7*u - 1170 = 0. Calculate the greatest common divisor of 39 and u.
39
Let d be (36/(-10))/((-10)/300). Calculate the highest common divisor of d and 135.
27
Let f be 24 + 4/((-4)/3). Let n be (2 - (1 + -1)) + -15. Let i = f + n. What is the highest common factor of 12 and i?
4
Let n(h) = -h**2 + 8*h + 11. Let d be n(9). Suppose 0 = -3*y + 37 + 143. Let f be (-3 + d)/((-4)/y). Calculate the highest common divisor of f and 6.
3
Let l(n) = -2*n + 21. Let c be l(22). Let z = 12 - c. Suppose 0 = 4*o - 1410 + 430. What is the greatest common divisor of o and z?
35
Suppose 189 = 2*s + 111. Calculate the highest common factor of s and 169.
13
Suppose 4*t = 5*a - 230, -14*a + 145 = -11*a - t. Calculate the highest common divisor of a and 30.
10
Suppose 4*f + g + 3*g = 72, 2*f - 2*g - 52 = 0. Let t be ((-2)/4)/((-6)/792). What is the highest common divisor of f and t?
22
Suppose -4*g = 8, 0 = 2*s - 2*g - 0*g - 30. Suppose -q + s + 3 = 0. Calculate the highest common factor of q and 16.
16
Let w(m) = 10*m - 31. Let a be w(15). What is the highest common factor of 34 and a?
17
Let n(h) = h + 39. Let l be n(2). What is the highest common divisor of l and 656?
41
Suppose 4*h = 3*d + 3*h - 12, 0 = -h - 3. Suppose 2*s + 4*u - 7*u - 17 = 0, 5*s + d*u - 95 = 0. Calculate the highest common divisor of s and 24.
8
Suppose 0 = -164*x + 171*x - 7021. What is the highest common factor of 118 and x?
59
Let s be (-8 - -10) + 14*5. Suppose -g = 5*c + 11, 3*g + 2*c - 10 = -g. Suppose -g*f = -81 - 15. What is the highest common divisor of f and s?
24
Suppose -5*v + 7*v + 4*v = 0. Suppose 51*g - 56*g + 180 = v. What is the highest common divisor of 63 and g?
9
Let w(q) = -3*q**2 - 14*q + 2. Let s(p) = -p**2 - 1. Let d(m) = -5*s(m) + w(m). Let z be d(8). Calculate the highest common factor of 92 and z.
23
Suppose -l = 109 - 112. Let h = 1 - -1. Suppose -h = -b, p + l*p + 2*b = 40. Calculate the highest common factor of 9 and p.
9
Let g(o) = -o + 50. Let r be g(0). Let m(n) = -11*n**2 + 1. Let s be m(-1). Let a be (4/s)/((-5)/125). Calculate the highest common divisor of a and r.
10
Let f be (-141 + 133)*(-135)/4. What is the highest common factor of 45 and f?
45
Let u(y) = -y**2 + 4*y + 6 - 3 + 4*y - 5. Let k be u(5). Let f = k - 8. Calculate the greatest common divisor of 15 and f.
5
Let w = -33 - -31. Let y be 1*(-1 + w) + 27. What is the highest common factor of 16 and y?
8
Suppose -5*s + 10 = -0. What is the greatest common divisor of 202 and s?
2
Suppose 2*a + u - 246 = 5*a, -2*a - 164 = u. Let g = 38 - a. Suppose -5*l = l - g. Calculate the highest common factor of l and 8.
4
Suppose 835 = 11*h - 1640. What is the highest common divisor of h and 60?
15
Let t = 699 - 446. Calculate the greatest common divisor of 23 and t.
23
Suppose -3*w - 3*s + 5979 = 0, -4*w + s + 7978 = 2*s. Cal